3. Give b(-10).
26
Let m(q) = q**2 + 11*q + 22. Let d be m(-9). Let x be (-2)/(3/((-9)/2)). Let u(i) = 2*i + 1 + 5*i**3 - 2*i**3 - 4*i**2 + 3 - d*i**x. Calculate u(-4).
-4
Let p(v) = 3*v + 2. Let o be 22/77 + 46/(-14). Calculate p(o).
-7
Let s(y) = y**3 - 7*y**2 + 5*y - 4. Let u = 27 + -7. Let o(h) = -h**3 + 3*h**2 - h - 3. Let v be o(3). Let k be (-81)/45*u/v. Calculate s(k).
-10
Let d(n) be the second derivative of n**4/12 - n**3/6 - n**2/2 + 434*n. Calculate d(3).
5
Let r(v) be the first derivative of -5*v**2/2 - v + 37. Give r(1).
-6
Let i = 2646 - 2632. Let d(t) = -t**3 + 15*t**2 - 11*t - 35. Give d(i).
7
Let i = 17 - 16. Let x(f) be the first derivative of 20*f**3/3 - f - 1. Calculate x(i).
19
Suppose s = 1, -2*x - 3*s + 12 = -s. Suppose -x*v + 8 = 3. Let p(w) be the first derivative of 5*w**2/2 + w + 4. Calculate p(v).
6
Let u(x) = -2*x - 5. Let d = -24 + 22. Let f = -8 - d. Give u(f).
7
Let b = 3 + 6. Suppose 3*l - 2*l + b = 2*h, h = 5*l + 54. Let t = 10 + l. Let j(k) = -10*k**2 + k + 1. Give j(t).
-10
Let b(z) be the second derivative of -z**3/6 + 3*z**2/2 + z - 4. Let x be (-7)/((-7)/(-2)) - -7. Suppose 0 = x*u + 9 + 11. Calculate b(u).
7
Let n = -190 + 183. Let p(y) = y**3 + 8*y**2 + 8*y + 8. Give p(n).
1
Let d(y) = 5*y**3 - 18*y**2 - 7*y - 8. Let u(x) = -x**3 + 2*x**2 + 1. Let q(n) = -d(n) - 6*u(n). What is q(-5)?
-8
Let o(g) be the second derivative of -g**4/12 - g**3/3 + 2*g**2 + g. Suppose 96 = -2*h + 6*h. Let a be h/(-9) + (-2)/6. Determine o(a).
1
Suppose -z + u = 4, 4*z - 5*u + 26 = 6. Let a(d) = 0 + z*d - 5 + d. Suppose -2*q - 30 = -4*f, -6*f + f = -3*q - 39. Calculate a(f).
1
Let o(a) = -2*a**2 - 3*a + 170. Let y be o(-10). Let u(p) be the third derivative of y*p - 4*p**2 + 0 - 1/8*p**4 + 1/3*p**3 - 1/30*p**5. What is u(-3)?
-7
Suppose 0*j = -16*j + 80. Let h(o) be the second derivative of -1/20*o**j - 3/2*o**2 - 2*o + 0 + 1/3*o**3 - 1/4*o**4. What is h(-3)?
-9
Suppose -r + 8 = r. Suppose 16 = 4*x + r. Let f(h) = 5*h**2 + 10*h**3 + 7*h - 2 + 6*h**3 - 17*h**x. Determine f(6).
4
Let n(o) = -10*o - 94*o**2 - 1 + 93*o**2 + 2*o. Give n(-7).
6
Let c(d) = 5*d**2 + 2*d - 3*d**2 - 16137*d**3 - 3 + 16139*d**3. Determine c(-2).
-15
Let h(s) be the third derivative of s**6/120 + s**5/20 - s**4/8 + s**3/3 - 11*s**2. Let b be h(-4). Let v(w) = -3*w**2 - 4*w - 2. Give v(b).
-6
Let o(l) = 10*l**2 + l**3 - 2*l + 89 - 71 + 13*l. What is o(-9)?
0
Let d(s) = 2*s - 5. Let v = 151 + -147. Give d(v).
3
Let y be (286/(-182))/(1/(-7)). Let k(b) = -1 + 4*b**3 + y - 3*b**3 + 15*b**2 - 6*b**2 + b. Give k(-9).
1
Let t(x) = x**2 + 6*x + 2. Suppose 4*u - 14 = -3*u. Let b be (-6)/((5/(-10))/(u/(-6))). What is t(b)?
-6
Let k(m) = -m**2 + 4*m - 2. Suppose 5*h + 4*w = 7, 0 = -52*w + 54*w + 4. What is k(h)?
1
Let c(z) = -z**3 + z**2 + z + 15. Let r be 8/52 + 6/(-39). Calculate c(r).
15
Let c(u) be the first derivative of u**2/2 + u - 4. Let x(k) = -3*k - 2. Let p(v) = 15*c(v) + 6*x(v). Determine p(-5).
18
Suppose -2*o - 55 - 70 = -5*s, 0 = -o + 5. Suppose 2 = -5*f + s. Let j(k) = -3*k - 22. Let a(g) = -g - 10. Let n(x) = -5*a(x) + 2*j(x). Calculate n(f).
1
Let t(y) = y**3 + y - 1. Let h(m) = m**3 + 6*m**2 + 2*m - 9. Let a(f) = -h(f) + 2*t(f). Let c be 2/5 - 236/(-10). Let l = -18 + c. Give a(l).
7
Let b(p) be the third derivative of p**6/24 - p**5/60 + p**3/6 + p**2. Let u(w) = w**3 + 5*w**2 - 9*w - 19. Let d be (-6)/8*2*4. Let z be u(d). Determine b(z).
-5
Let v(j) = j**2 + 9. Let l be v(0). Let w be (l + 0)*(-2)/(-6). Let a(b) = 1410504 + 2*b**2 - 1410508 + 0*b**2. Determine a(w).
14
Let q(l) = -4*l + 3. Let t(h) = -h**2 + 18*h + 43. Let p be t(20). Suppose -p*i + 22 - 16 = 0. What is q(i)?
-5
Let z(p) = -p**2 - 5*p + 2. Suppose 0 = -7*s + 6*s. Suppose s*g - 84 = 4*g. Let l be 90/g + (-4)/(-14). Give z(l).
6
Let j(l) = -26*l**2 - 2*l + 1. Let a(g) = -6*g - 27 - 12 + 20 + g. Let h be a(-4). Give j(h).
-27
Suppose f = 2*w - 3*f + 6, 0 = -w + 3*f - 5. Let o be (-60)/(-52) - (-4)/(-26). Let i(h) = -3*h - h**2 - w + o - 2. What is i(-3)?
-2
Suppose 0 = -2*a + 3*o - 38, 4*o - 22 = a + o. Let s = -11 - a. Let w(b) = -b**2 + 2*b - 4. Determine w(s).
-19
Suppose -2*t - f - 5 + 14 = 0, 4*t - 2*f = 14. Let k(m) = m + 1. Give k(t).
5
Let g(j) = 2*j**3 - 7*j**2 + 7*j - 4. Let w = -224 + 228. Determine g(w).
40
Let m be (-7 - (-33)/3)/1. Let o(s) = -s**2 + 3*s - 6. Give o(m).
-10
Let j(o) = -2*o**2 + o + 15. Let i(f) = 4*f**2 - 4*f - 29. Let h(p) = -3*i(p) - 5*j(p). Determine h(5).
-3
Let t(x) = -x**3 + 8*x**2 - 3*x + 10. Let p(i) = -25*i + 23. Let z(s) = -8*s + 8. Let f(w) = -4*p(w) + 11*z(w). Let v be f(1). What is t(v)?
-14
Let w(q) = -4*q**2 + q + 2. Let n be (3/(-2) + 1)/((-1)/(-4)). Calculate w(n).
-16
Let u(y) = 9*y**2 + 2 - y + y**2 - 7*y**2 - 4*y**2 + 2*y**2. Determine u(0).
2
Let f(y) = -y**2 + y + 21. Suppose 24*h = 21*h. Give f(h).
21
Let k be 2/(-3) + 26/(-6). Let r = 3 + k. Let q(c) be the third derivative of -7*c**4/24 - c**3/3 - 4*c**2 + 79. Give q(r).
12
Let w(a) = 83*a + 1. Let d be w(0). Let s(y) = 18*y - 1. Determine s(d).
17
Let u(t) be the second derivative of t**4/12 + t**3/3 + t**2/2 - t. Let r be -1*2*15*(-20)/(-200). Determine u(r).
4
Let n be ((-18)/12)/((-1)/(-6)). Let w = n + -10. Let t = -13 - w. Let h(g) = 3*g - 7. What is h(t)?
11
Let l(n) = -n**2 + 14*n - 11. Let g be l(13). Suppose -g*x - y = -3*y + 18, 33 = -2*x + 5*y. Let r(c) = c**3 + 3*c**2 - 5*c - 6. Calculate r(x).
-2
Let i(j) be the first derivative of 2*j**2 + 6*j + 17. Let q(l) = 5*l + 6. Let m(p) = 6*i(p) - 5*q(p). What is m(6)?
0
Let a(t) = t**3 + 4*t**2 + 2*t - 5. Let s(v) = 2*v + 3*v + 3 - 22. Let h be s(3). What is a(h)?
-13
Let c(q) be the second derivative of -5*q**3/6 + 3*q**2/2 - 8*q - 12. Determine c(-7).
38
Suppose -4*b + 285 = 293. Let z(w) = -w**2 - 2*w + 2. What is z(b)?
2
Let f(h) = -h**3 - 7*h**2 + 6*h - 7. Let x = -270 + 262. Calculate f(x).
9
Let p(m) be the first derivative of m**5/20 + 2*m**4/3 - m**3/6 - 2*m**2 - 15*m - 9. Let c(h) be the first derivative of p(h). What is c(-8)?
4
Let s(j) be the third derivative of -j**4/8 + 2*j**3/3 - 2*j**2 - 54. Give s(5).
-11
Let j(i) = -3*i + 13 - 6 - i + 3*i + 4*i. Calculate j(-5).
-8
Let s = -28 + 18. Let g = s + 12. Let c(y) = -26 + y**3 + 3*y + 10 + 14 - y**g. Determine c(2).
8
Let w(l) = -13*l**3 - 2*l**2 - 3*l - 2. Let k be w(-2). Let m be ((-11)/5 - (-20)/k)*-2. Let o(p) = -p + 5. Give o(m).
1
Let l(x) = 37 + 0*x - 5*x - 41. What is l(-2)?
6
Let b = 1 - 3. Let l(i) = 3 + 2*i - 586*i**3 + 3*i**2 - 4*i**2 + 584*i**3. Give l(b).
11
Let x(a) = -a**2 + 11*a + 4. Suppose 0 = -3*r + 4*w + 30, 0 = -11*r + 14*r + 5*w - 30. What is x(r)?
14
Let k(v) = v**3 - 5*v**2 - 12*v - 9. Let s(f) = -2*f**3 + 5*f**2 + 16*f + 8. Let b(p) = -3*k(p) - 2*s(p). What is b(-5)?
-9
Let z(a) = -7*a**2 + 3*a + 6. Let v(j) = 10*j**2 - 5*j - 9. Let u(n) = -5*v(n) - 7*z(n). Calculate u(5).
-2
Suppose 5*c + 3 = -42. Let l(g) = -g**2 - 6*g + 27. Let q be l(c). Let z(w) = -w**3 - w**2 + w + 11. Calculate z(q).
11
Let u(o) = o**3 + 6*o**2 + 5*o - 4. Let f be u(-5). Let z(a) be the third derivative of -a**5/60 - 5*a**4/24 - a**3/3 + 382*a**2. Determine z(f).
2
Let r(j) = j + 3. Let f be r(11). Let y = f - 10. Suppose -2*m = -5*l + l + y, -4*l = -12. Let g(t) = t**2 - 7*t + 4. Give g(m).
-8
Let b(r) = r**3 - 5*r**2 - 9*r + 7. Let o(w) = -7*w - 6. Let l be o(-7). Let g = l + -37. What is b(g)?
-11
Let r(c) = c - 1. Let u(j) = -15*j + 6. Let n(x) = -3*r(x) - u(x). Let w(d) = 4*d - 1. Suppose 8 + 6 = -2*o. Let m(q) = o*w(q) + 2*n(q). What is m(4)?
-15
Suppose 0 = -3*x + 40 - 4. Let g = x - 14. Let k = g - 0. Let p(c) = c + 1. Give p(k).
-1
Let n(g) = g + 12. Let d(j) be the second derivative of j**3/3 + 25*j**2/2 - 21*j. Let h(f) = -6*d(f) + 13*n(f). Calculate h(-9).
-3
Let q be (-30)/(-25)*(-1 + -19). Let f be (-9)/5*80/q. Let h(z) = 6*z**2 + 5*z - 4*z**2 - 3*z**2. What is h(f)?
-6
Let q(f) be the second derivative of -f**4/6 + 28*f**3/3 + f**2/2 + 275*f. Calculate q(28).
1
Let d = 282 + -288. Let b(c) = -c**3 - 7*c**2 - 9*c - 6. Determine b(d).
12
Let i(w) be the third derivative of -w**7/840 + w**6/90 - w**5/120 - w**4/24 - 3*w**3/2 - w**2. Let a(n) be the first derivative of i(n). Give a(2).
5
Let j be 0*(-4)/(8/2). Let y(z) = 646*z - 320*z - 325